{"id":370,"date":"2021-04-04T15:48:36","date_gmt":"2021-04-04T15:48:36","guid":{"rendered":"http:\/\/www.inf.u-szeged.hu\/~mingesz\/?page_id=370"},"modified":"2021-04-18T14:09:12","modified_gmt":"2021-04-18T14:09:12","slug":"laboratoriumi-muszerek","status":"publish","type":"page","link":"https:\/\/www.inf.u-szeged.hu\/~mingesz\/tananyagok\/laboratoriumi-muszerek\/","title":{"rendered":"Laborat\u00f3riumi m\u0171szerek \u00e9s m\u00e9r\u00e9stechnika"},"content":{"rendered":"\n<h2 class=\"wp-block-heading\">Multim\u00e9terek<\/h2>\n\n\n\n<ul class=\"wp-block-list\"><li><a href=\"http:\/\/www.inf.u-szeged.hu\/~mingesz\/tananyagok\/laboratoriumi-muszerek\/pxie-4082\/\">NI PXIe-4082 multim\u00e9ter<\/a><\/li><\/ul>\n\n\n\n<h2 class=\"wp-block-heading\">Source meter-ek<\/h2>\n\n\n\n<ul class=\"wp-block-list\"><li><a href=\"http:\/\/www.inf.u-szeged.hu\/~mingesz\/tananyagok\/laboratoriumi-muszerek\/pxie-4139\/\">NI PXIe-4139 source meter<\/a><\/li><\/ul>\n\n\n\n<h2 class=\"wp-block-heading\">Multiplexerek<\/h2>\n\n\n\n<ul class=\"wp-block-list\"><li><a href=\"http:\/\/www.inf.u-szeged.hu\/~mingesz\/tananyagok\/laboratoriumi-muszerek\/pxie-2527\/\">NI PXIe-2527 multiplexer<\/a><\/li><\/ul>\n\n\n\n<h2 class=\"wp-block-heading\">M\u00e9r\u00e9si m\u00f3dszerek<\/h2>\n\n\n\n<ul class=\"wp-block-list\"><li><a href=\"http:\/\/www.inf.u-szeged.hu\/~mingesz\/alacsony-ellenallasok-merese\/\">Alacsony \u00e9rt\u00e9k\u0171 ellen\u00e1ll\u00e1sok m\u00e9r\u00e9se<\/a><\/li><\/ul>\n","protected":false},"excerpt":{"rendered":"<p>Multim\u00e9terek NI PXIe-4082 multim\u00e9ter Source meter-ek NI PXIe-4139 source meter Multiplexerek NI PXIe-2527 multiplexer M\u00e9r\u00e9si m\u00f3dszerek Alacsony \u00e9rt\u00e9k\u0171 ellen\u00e1ll\u00e1sok m\u00e9r\u00e9se<\/p>\n","protected":false},"author":1,"featured_media":0,"parent":106,"menu_order":0,"comment_status":"closed","ping_status":"closed","template":"","meta":{"inline_featured_image":false,"footnotes":""},"class_list":["post-370","page","type-page","status-publish","hentry"],"_links":{"self":[{"href":"https:\/\/www.inf.u-szeged.hu\/~mingesz\/wp-json\/wp\/v2\/pages\/370","targetHints":{"allow":["GET"]}}],"collection":[{"href":"https:\/\/www.inf.u-szeged.hu\/~mingesz\/wp-json\/wp\/v2\/pages"}],"about":[{"href":"https:\/\/www.inf.u-szeged.hu\/~mingesz\/wp-json\/wp\/v2\/types\/page"}],"author":[{"embeddable":true,"href":"https:\/\/www.inf.u-szeged.hu\/~mingesz\/wp-json\/wp\/v2\/users\/1"}],"replies":[{"embeddable":true,"href":"https:\/\/www.inf.u-szeged.hu\/~mingesz\/wp-json\/wp\/v2\/comments?post=370"}],"version-history":[{"count":6,"href":"https:\/\/www.inf.u-szeged.hu\/~mingesz\/wp-json\/wp\/v2\/pages\/370\/revisions"}],"predecessor-version":[{"id":448,"href":"https:\/\/www.inf.u-szeged.hu\/~mingesz\/wp-json\/wp\/v2\/pages\/370\/revisions\/448"}],"up":[{"embeddable":true,"href":"https:\/\/www.inf.u-szeged.hu\/~mingesz\/wp-json\/wp\/v2\/pages\/106"}],"wp:attachment":[{"href":"https:\/\/www.inf.u-szeged.hu\/~mingesz\/wp-json\/wp\/v2\/media?parent=370"}],"curies":[{"name":"wp","href":"https:\/\/api.w.org\/{rel}","templated":true}]}}