{"id":280,"date":"2025-06-18T07:04:24","date_gmt":"2025-06-18T07:04:24","guid":{"rendered":"https:\/\/www.inf.u-szeged.hu\/~ssip\/2025\/?page_id=280"},"modified":"2025-06-18T07:06:58","modified_gmt":"2025-06-18T07:06:58","slug":"laszlo-czuni","status":"publish","type":"page","link":"https:\/\/www.inf.u-szeged.hu\/~ssip\/2025\/laszlo-czuni\/","title":{"rendered":"L\u00e1szl\u00f3 Cz\u00fani"},"content":{"rendered":"\t\t<div data-elementor-type=\"wp-page\" data-elementor-id=\"280\" class=\"elementor elementor-280\">\n\t\t\t\t<div class=\"elementor-element elementor-element-f8a4715 e-flex e-con-boxed e-con e-parent\" data-id=\"f8a4715\" data-element_type=\"container\">\n\t\t\t\t\t<div class=\"e-con-inner\">\n\t\t\t\t<div class=\"elementor-element elementor-element-2cb223c elementor-widget elementor-widget-text-editor\" data-id=\"2cb223c\" data-element_type=\"widget\" data-widget_type=\"text-editor.default\">\n\t\t\t\t<div class=\"elementor-widget-container\">\n\t\t\t\t\t\t\t\t\t<div class=\"entry-content\"><p><strong>Name<\/strong>: L\u00e1szl\u00f3 Cz\u00fani<br \/><strong>Affiliation<\/strong>: Associate Professor, University of Pannonia<br \/><strong>Primary research interest<\/strong>: image processing, image analysis, object recognition, image understanding<\/p><p><strong>Title of the lecture<\/strong>: Learning-Based Metrics for Object Recognition<br \/><strong>Keywords<\/strong>: Metric learning, object recognition, object detection, deep learning<br \/><strong>Summary<\/strong>: Optical object recognition is a fundamental task in computer vision. This lecture provides an overview of object recognition and detection, tracing the evolution from early handcrafted methods to today&#8217;s advanced learning-based and multimodal models. Special emphasis is placed on metric learning as a key approach within modern recognition systems. The session concludes with a case study demonstrating a multimodal technique for enhancing medical pill recognition by integrating visual features with descriptive textual information.<strong><br \/><\/strong><\/p><\/div>\t\t\t\t\t\t\t\t<\/div>\n\t\t\t\t<\/div>\n\t\t\t\t\t<\/div>\n\t\t\t\t<\/div>\n\t\t\t\t<\/div>\n\t\t","protected":false},"excerpt":{"rendered":"<p>Name: L\u00e1szl\u00f3 Cz\u00faniAffiliation: Associate Professor, University of PannoniaPrimary research interest: image processing, image analysis, object recognition, image understanding Title of the lecture: Learning-Based Metrics for Object RecognitionKeywords: Metric learning, object recognition, object detection, deep learningSummary: Optical object recognition is a fundamental task in computer vision. This lecture provides an overview of object recognition and detection, &hellip; <\/p>\n<p class=\"link-more\"><a href=\"https:\/\/www.inf.u-szeged.hu\/~ssip\/2025\/laszlo-czuni\/\" class=\"more-link\">Continue reading<span class=\"screen-reader-text\"> &#8220;L\u00e1szl\u00f3 Cz\u00fani&#8221;<\/span><\/a><\/p>\n","protected":false},"author":1,"featured_media":0,"parent":0,"menu_order":0,"comment_status":"closed","ping_status":"closed","template":"","meta":{"footnotes":""},"class_list":["post-280","page","type-page","status-publish","hentry"],"_links":{"self":[{"href":"https:\/\/www.inf.u-szeged.hu\/~ssip\/2025\/wp-json\/wp\/v2\/pages\/280","targetHints":{"allow":["GET"]}}],"collection":[{"href":"https:\/\/www.inf.u-szeged.hu\/~ssip\/2025\/wp-json\/wp\/v2\/pages"}],"about":[{"href":"https:\/\/www.inf.u-szeged.hu\/~ssip\/2025\/wp-json\/wp\/v2\/types\/page"}],"author":[{"embeddable":true,"href":"https:\/\/www.inf.u-szeged.hu\/~ssip\/2025\/wp-json\/wp\/v2\/users\/1"}],"replies":[{"embeddable":true,"href":"https:\/\/www.inf.u-szeged.hu\/~ssip\/2025\/wp-json\/wp\/v2\/comments?post=280"}],"version-history":[{"count":4,"href":"https:\/\/www.inf.u-szeged.hu\/~ssip\/2025\/wp-json\/wp\/v2\/pages\/280\/revisions"}],"predecessor-version":[{"id":284,"href":"https:\/\/www.inf.u-szeged.hu\/~ssip\/2025\/wp-json\/wp\/v2\/pages\/280\/revisions\/284"}],"wp:attachment":[{"href":"https:\/\/www.inf.u-szeged.hu\/~ssip\/2025\/wp-json\/wp\/v2\/media?parent=280"}],"curies":[{"name":"wp","href":"https:\/\/api.w.org\/{rel}","templated":true}]}}