{"id":72,"date":"2024-12-03T15:05:21","date_gmt":"2024-12-03T15:05:21","guid":{"rendered":"https:\/\/www.inf.u-szeged.hu\/~ssip\/2025\/?page_id=72"},"modified":"2025-01-06T08:35:48","modified_gmt":"2025-01-06T08:35:48","slug":"organizers-and-contact","status":"publish","type":"page","link":"https:\/\/www.inf.u-szeged.hu\/~ssip\/2025\/organizers-and-contact\/","title":{"rendered":"Organizers and Contact"},"content":{"rendered":"\t\t<div data-elementor-type=\"wp-page\" data-elementor-id=\"72\" class=\"elementor elementor-72\">\n\t\t\t\t<div class=\"elementor-element elementor-element-779082c3 e-flex e-con-boxed e-con e-parent\" data-id=\"779082c3\" data-element_type=\"container\">\n\t\t\t\t\t<div class=\"e-con-inner\">\n\t\t\t\t<div class=\"elementor-element elementor-element-34499752 elementor-widget elementor-widget-text-editor\" data-id=\"34499752\" data-element_type=\"widget\" data-widget_type=\"text-editor.default\">\n\t\t\t\t<div class=\"elementor-widget-container\">\n\t\t\t\t\t\t\t\t\t<p><strong>Organizers<\/strong><\/p><p>Antal Nagy (University of Szeged)<br \/>L\u00e1szl\u00f3 Ny\u00fal (University of Szeged)<\/p><p><strong>Postal address<\/strong><\/p><p>SSIP 2025<br \/>c\/o Department of Image Processing and Computer Graphics<br \/>University of Szeged<br \/>P.O.Box 652<br \/>Szeged, H-6701, HUNGARY<\/p><p><strong>Street address<\/strong><\/p><p>Department of Image Processing and Computer Graphics<br \/>University of Szeged<br \/>\u00c1rp\u00e1d t\u00e9r 2.<br \/>Szeged, H-6720, HUNGARY<\/p><p>Phone: +36 62 546 396<br \/>Fax: +36 62 546 397<\/p><p>Email:\u00a0<a href=\"mailto:ssip2025@inf.u-szeged.hu\">ssip2025@inf.u-szeged.hu<\/a><br \/>Web:\u00a0<a href=\"http:\/\/www.inf.u-szeged.hu\/ssip\">http:\/\/www.inf.u-szeged.hu\/ssip<\/a><\/p>\t\t\t\t\t\t\t\t<\/div>\n\t\t\t\t<\/div>\n\t\t\t\t\t<\/div>\n\t\t\t\t<\/div>\n\t\t\t\t<\/div>\n\t\t","protected":false},"excerpt":{"rendered":"<p>Organizers Antal Nagy (University of Szeged)L\u00e1szl\u00f3 Ny\u00fal (University of Szeged) Postal address SSIP 2025c\/o Department of Image Processing and Computer GraphicsUniversity of SzegedP.O.Box 652Szeged, H-6701, HUNGARY Street address Department of Image Processing and Computer GraphicsUniversity of Szeged\u00c1rp\u00e1d t\u00e9r 2.Szeged, H-6720, HUNGARY Phone: +36 62 546 396Fax: +36 62 546 397 Email:\u00a0ssip2025@inf.u-szeged.huWeb:\u00a0http:\/\/www.inf.u-szeged.hu\/ssip<\/p>\n","protected":false},"author":1,"featured_media":0,"parent":0,"menu_order":0,"comment_status":"closed","ping_status":"closed","template":"","meta":{"footnotes":""},"class_list":["post-72","page","type-page","status-publish","hentry"],"_links":{"self":[{"href":"https:\/\/www.inf.u-szeged.hu\/~ssip\/2025\/wp-json\/wp\/v2\/pages\/72","targetHints":{"allow":["GET"]}}],"collection":[{"href":"https:\/\/www.inf.u-szeged.hu\/~ssip\/2025\/wp-json\/wp\/v2\/pages"}],"about":[{"href":"https:\/\/www.inf.u-szeged.hu\/~ssip\/2025\/wp-json\/wp\/v2\/types\/page"}],"author":[{"embeddable":true,"href":"https:\/\/www.inf.u-szeged.hu\/~ssip\/2025\/wp-json\/wp\/v2\/users\/1"}],"replies":[{"embeddable":true,"href":"https:\/\/www.inf.u-szeged.hu\/~ssip\/2025\/wp-json\/wp\/v2\/comments?post=72"}],"version-history":[{"count":17,"href":"https:\/\/www.inf.u-szeged.hu\/~ssip\/2025\/wp-json\/wp\/v2\/pages\/72\/revisions"}],"predecessor-version":[{"id":176,"href":"https:\/\/www.inf.u-szeged.hu\/~ssip\/2025\/wp-json\/wp\/v2\/pages\/72\/revisions\/176"}],"wp:attachment":[{"href":"https:\/\/www.inf.u-szeged.hu\/~ssip\/2025\/wp-json\/wp\/v2\/media?parent=72"}],"curies":[{"name":"wp","href":"https:\/\/api.w.org\/{rel}","templated":true}]}}